{"id":20,"date":"2020-01-15T15:19:20","date_gmt":"2020-01-15T15:19:20","guid":{"rendered":"http:\/\/mbest-it.de\/?page_id=20"},"modified":"2021-04-22T20:15:48","modified_gmt":"2021-04-22T20:15:48","slug":"ueber-uns","status":"publish","type":"page","link":"https:\/\/mbest-it.de\/","title":{"rendered":"\u00dcber uns"},"content":{"rendered":"<p><\/p>\n\n\n<\/p>\n<p>MBEST-IT wurde am 16.01.2012 von Marvin Best gegr\u00fcndet und wird bis heute als Nebengewerbe mit der Kleinunternehmerregelung betrieben. Als Partner der Kevag Telekom, AVM, Deutsche Telekom und als 1&amp;1 Profiseller vermitteln wir DSL Telefon und Internet Vertr\u00e4ge. Dabei ist uns der pers\u00f6nliche Kundenkontakt sehr wichtig, denn eine ehrliche Kundenberatung steht bei uns an erster Stelle. Durch die vielen Aus und Weiterbildungen k\u00f6nnen wir Ihnen im Bereich IT, Telekommunikation, Netzwerk, Computer, DSL, Telefon, Telefonanlagen, Voice over IP und vielem mehr alles anbieten. F\u00fcr namenhafte Hersteller wie Tenovis , Avaya , Siemens , Cisco , AVM und anderen haben wir schon Support geleistet.<\/p>\n<p>Au\u00dfer der Ausbildung zum IT-Systemelektroniker hat Marvin Best folgende Weiterbildungen absolviert:<\/p>\n<p>&#8211; Microsoft Certified IT professional (MCITP)&nbsp;<\/p>\n<p>&#8211; Microsoft Certified Solutions Associate (MCSA)<\/p>\n<p>&#8211; Microsoft Certified Technology Specialist (MCTS)<\/p>\n<p>&#8211; Cisco Certified Network Associate (CCNA)<\/p>\n<p>&#8211; Patton Certified Technical<\/p>\n<p>&#8211; Innovaphone Certified Engineer<\/p>\n<p>Durch die kontinuierlichen zus\u00e4tzlichen Aus- und Weiterbildungen konnte auch das Zertifikat der Prince2 Foundation erreicht werden. Dadurch k\u00f6nnen wir auch Projekte nach internationalem Standard durchf\u00fchren.<\/p><p>IT-und Telekommunikations-Dienstleistungen erhalten Sie von uns aus einer Hand.<\/p>\n<p>Unabh\u00e4ngige Tarifberatung f\u00fcr Kevag Telekom, 1&amp;1 und die Deutsche Telekom bieten wir Ihnen gerne pers\u00f6nlich oder telefonisch an.<\/p>\n<p>Ben\u00f6tigen Sie Hilfe bei Ihrem PC oder Netzwerk? Gerne stehen wir Ihnen mit Rat und Tat zur Seite.<\/p>\n<p>Auch bei Telefonanlagen, Router und Internettelefonie sind wir der erste Ansprechpartner.<\/p>\n","protected":false},"excerpt":{"rendered":"<p>MBEST-IT wurde am 16.01.2012 von Marvin Best gegr\u00fcndet und wird bis heute als Nebengewerbe mit der Kleinunternehmerregelung betrieben. Als Partner der Kevag [&hellip;]<\/p>\n","protected":false},"author":1,"featured_media":0,"parent":0,"menu_order":0,"comment_status":"closed","ping_status":"closed","template":"","meta":{"footnotes":""},"class_list":["post-20","page","type-page","status-publish","hentry"],"yoast_head":"<!-- This site is optimized with the Yoast SEO plugin v21.7 - https:\/\/yoast.com\/wordpress\/plugins\/seo\/ -->\n<title>\u00dcber uns - mbest-it.de<\/title>\n<meta name=\"robots\" content=\"index, follow, max-snippet:-1, max-image-preview:large, max-video-preview:-1\" \/>\n<link rel=\"canonical\" href=\"https:\/\/mbest-it.de\/\" \/>\n<meta property=\"og:locale\" content=\"de_DE\" \/>\n<meta property=\"og:type\" content=\"article\" \/>\n<meta property=\"og:title\" content=\"\u00dcber uns - mbest-it.de\" \/>\n<meta property=\"og:description\" content=\"MBEST-IT wurde am 16.01.2012 von Marvin Best gegr\u00fcndet und wird bis heute als Nebengewerbe mit der Kleinunternehmerregelung betrieben. Als Partner der Kevag [&hellip;]\" \/>\n<meta property=\"og:url\" content=\"https:\/\/mbest-it.de\/\" \/>\n<meta property=\"og:site_name\" content=\"mbest-it.de\" \/>\n<meta property=\"article:modified_time\" content=\"2021-04-22T20:15:48+00:00\" \/>\n<meta property=\"og:image\" content=\"https:\/\/mbest-it.de\/wp-content\/uploads\/2020\/01\/network-2402637_1280.jpg\" \/>\n\t<meta property=\"og:image:width\" content=\"1280\" \/>\n\t<meta property=\"og:image:height\" content=\"720\" \/>\n\t<meta property=\"og:image:type\" content=\"image\/jpeg\" \/>\n<meta name=\"twitter:card\" content=\"summary_large_image\" \/>\n<meta name=\"twitter:label1\" content=\"Gesch\u00e4tzte Lesezeit\" \/>\n\t<meta name=\"twitter:data1\" content=\"1\u00a0Minute\" \/>\n<script type=\"application\/ld+json\" class=\"yoast-schema-graph\">{\"@context\":\"https:\/\/schema.org\",\"@graph\":[{\"@type\":\"WebPage\",\"@id\":\"https:\/\/mbest-it.de\/\",\"url\":\"https:\/\/mbest-it.de\/\",\"name\":\"\u00dcber uns - mbest-it.de\",\"isPartOf\":{\"@id\":\"https:\/\/mbest-it.de\/#website\"},\"datePublished\":\"2020-01-15T15:19:20+00:00\",\"dateModified\":\"2021-04-22T20:15:48+00:00\",\"breadcrumb\":{\"@id\":\"https:\/\/mbest-it.de\/#breadcrumb\"},\"inLanguage\":\"de\",\"potentialAction\":[{\"@type\":\"ReadAction\",\"target\":[\"https:\/\/mbest-it.de\/\"]}]},{\"@type\":\"BreadcrumbList\",\"@id\":\"https:\/\/mbest-it.de\/#breadcrumb\",\"itemListElement\":[{\"@type\":\"ListItem\",\"position\":1,\"name\":\"Startseite\",\"item\":\"https:\/\/mbest-it.de\/\"},{\"@type\":\"ListItem\",\"position\":2,\"name\":\"\u00dcber uns\"}]},{\"@type\":\"WebSite\",\"@id\":\"https:\/\/mbest-it.de\/#website\",\"url\":\"https:\/\/mbest-it.de\/\",\"name\":\"mbest-it.de\",\"description\":\"BEST IT \/ TK Dienstleister\",\"potentialAction\":[{\"@type\":\"SearchAction\",\"target\":{\"@type\":\"EntryPoint\",\"urlTemplate\":\"https:\/\/mbest-it.de\/?s={search_term_string}\"},\"query-input\":\"required name=search_term_string\"}],\"inLanguage\":\"de\"}]}<\/script>\n<!-- \/ Yoast SEO plugin. -->","yoast_head_json":{"title":"\u00dcber uns - mbest-it.de","robots":{"index":"index","follow":"follow","max-snippet":"max-snippet:-1","max-image-preview":"max-image-preview:large","max-video-preview":"max-video-preview:-1"},"canonical":"https:\/\/mbest-it.de\/","og_locale":"de_DE","og_type":"article","og_title":"\u00dcber uns - mbest-it.de","og_description":"MBEST-IT wurde am 16.01.2012 von Marvin Best gegr\u00fcndet und wird bis heute als Nebengewerbe mit der Kleinunternehmerregelung betrieben. Als Partner der Kevag [&hellip;]","og_url":"https:\/\/mbest-it.de\/","og_site_name":"mbest-it.de","article_modified_time":"2021-04-22T20:15:48+00:00","og_image":[{"width":1280,"height":720,"url":"https:\/\/mbest-it.de\/wp-content\/uploads\/2020\/01\/network-2402637_1280.jpg","type":"image\/jpeg"}],"twitter_card":"summary_large_image","twitter_misc":{"Gesch\u00e4tzte Lesezeit":"1\u00a0Minute"},"schema":{"@context":"https:\/\/schema.org","@graph":[{"@type":"WebPage","@id":"https:\/\/mbest-it.de\/","url":"https:\/\/mbest-it.de\/","name":"\u00dcber uns - mbest-it.de","isPartOf":{"@id":"https:\/\/mbest-it.de\/#website"},"datePublished":"2020-01-15T15:19:20+00:00","dateModified":"2021-04-22T20:15:48+00:00","breadcrumb":{"@id":"https:\/\/mbest-it.de\/#breadcrumb"},"inLanguage":"de","potentialAction":[{"@type":"ReadAction","target":["https:\/\/mbest-it.de\/"]}]},{"@type":"BreadcrumbList","@id":"https:\/\/mbest-it.de\/#breadcrumb","itemListElement":[{"@type":"ListItem","position":1,"name":"Startseite","item":"https:\/\/mbest-it.de\/"},{"@type":"ListItem","position":2,"name":"\u00dcber uns"}]},{"@type":"WebSite","@id":"https:\/\/mbest-it.de\/#website","url":"https:\/\/mbest-it.de\/","name":"mbest-it.de","description":"BEST IT \/ TK Dienstleister","potentialAction":[{"@type":"SearchAction","target":{"@type":"EntryPoint","urlTemplate":"https:\/\/mbest-it.de\/?s={search_term_string}"},"query-input":"required name=search_term_string"}],"inLanguage":"de"}]}},"_links":{"self":[{"href":"https:\/\/mbest-it.de\/index.php?rest_route=\/wp\/v2\/pages\/20","targetHints":{"allow":["GET"]}}],"collection":[{"href":"https:\/\/mbest-it.de\/index.php?rest_route=\/wp\/v2\/pages"}],"about":[{"href":"https:\/\/mbest-it.de\/index.php?rest_route=\/wp\/v2\/types\/page"}],"author":[{"embeddable":true,"href":"https:\/\/mbest-it.de\/index.php?rest_route=\/wp\/v2\/users\/1"}],"replies":[{"embeddable":true,"href":"https:\/\/mbest-it.de\/index.php?rest_route=%2Fwp%2Fv2%2Fcomments&post=20"}],"version-history":[{"count":33,"href":"https:\/\/mbest-it.de\/index.php?rest_route=\/wp\/v2\/pages\/20\/revisions"}],"predecessor-version":[{"id":166,"href":"https:\/\/mbest-it.de\/index.php?rest_route=\/wp\/v2\/pages\/20\/revisions\/166"}],"wp:attachment":[{"href":"https:\/\/mbest-it.de\/index.php?rest_route=%2Fwp%2Fv2%2Fmedia&parent=20"}],"curies":[{"name":"wp","href":"https:\/\/api.w.org\/{rel}","templated":true}]}}